me factors of 302598?
2, 3, 16811
What are the prime factors of 6041614?
2, 3020807
What are the prime factors of 338915?
5, 67783
What are the prime factors of 1121935?
5, 457, 491
What are the prime factors of 1037173?
223, 4651
What are the prime factors of 74858?
2, 7, 5347
List the prime factors of 2035347.
3, 131, 5179
List the prime factors of 90368.
2, 353
What are the prime factors of 1307690?
2, 5, 130769
What are the prime factors of 136526?
2, 13, 59, 89
What are the prime factors of 675823?
675823
List the prime factors of 4713998.
2, 17, 138647
What are the prime factors of 962642?
2, 17, 23, 1231
List the prime factors of 4698284.
2, 1174571
List the prime factors of 28824717.
3, 1777, 5407
List the prime factors of 556323.
3, 185441
List the prime factors of 3143993.
3143993
List the prime factors of 80248.
2, 7, 1433
What are the prime factors of 13834582?
2, 941, 7351
List the prime factors of 8210523.
3, 1049, 2609
What are the prime factors of 1872274?
2, 37, 25301
List the prime factors of 252194.
2, 126097
List the prime factors of 2258693.
73, 30941
What are the prime factors of 821458?
2, 11, 37339
What are the prime factors of 8306412?
2, 3, 29, 23869
List the prime factors of 162016.
2, 61, 83
What are the prime factors of 1655610?
2, 3, 5, 11, 29, 173
What are the prime factors of 25680071?
97, 264743
List the prime factors of 12200007.
3, 4066669
What are the prime factors of 382807?
382807
List the prime factors of 85377.
3, 149, 191
What are the prime factors of 2872158?
2, 3, 157, 3049
List the prime factors of 1358626.
2, 67, 10139
What are the prime factors of 322942?
2, 161471
What are the prime factors of 9806?
2, 4903
List the prime factors of 8715380.
2, 5, 435769
What are the prime factors of 373679?
433, 863
What are the prime factors of 173085?
3, 5, 11, 1049
List the prime factors of 5727956.
2, 13, 59, 1867
List the prime factors of 731761.
731761
List the prime factors of 11176471.
67, 107, 1559
What are the prime factors of 3379724?
2, 127, 6653
List the prime factors of 8092537.
19, 29, 773
List the prime factors of 1207709.
107, 11287
What are the prime factors of 17953138?
2, 7, 19, 67493
What are the prime factors of 315273?
3, 7, 15013
What are the prime factors of 784990?
2, 5, 23, 3413
What are the prime factors of 20892556?
2, 23, 227093
What are the prime factors of 928770?
2, 3, 5, 83, 373
What are the prime factors of 49220?
2, 5, 23, 107
What are the prime factors of 181123?
181123
What are the prime factors of 289315?
5, 13, 4451
What are the prime factors of 1362967?
1362967
What are the prime factors of 8283150?
2, 3, 5, 79, 233
List the prime factors of 120221.
23, 5227
List the prime factors of 152615.
5, 131, 233
What are the prime factors of 4647922?
2, 911, 2551
List the prime factors of 5997381.
3, 13, 103, 1493
What are the prime factors of 491059?
491059
What are the prime factors of 183036?
2, 3, 7, 2179
What are the prime factors of 8293898?
2, 4146949
What are the prime factors of 11407233?
3, 757, 5023
What are the prime factors of 351701?
7, 47, 1069
List the prime factors of 295781.
227, 1303
List the prime factors of 367326.
2, 3, 20407
What are the prime factors of 395061?
3, 131687
List the prime factors of 7048058.
2, 3524029
What are the prime factors of 2363724?
2, 3, 11, 47, 127
What are the prime factors of 2440024?
2, 23, 89, 149
What are the prime factors of 88818?
2, 3, 113, 131
List the prime factors of 17395438.
2, 137, 63487
List the prime factors of 7610126.
2, 3805063
What are the prime factors of 196162?
2, 98081
List the prime factors of 20780184.
2, 3, 67, 12923
What are the prime factors of 9190383?
3, 3063461
List the prime factors of 938300.
2, 5, 11, 853
List the prime factors of 50587.
50587
List the prime factors of 191494.
2, 95747
List the prime factors of 59999.
59999
What are the prime factors of 9228863?
7, 1318409
What are the prime factors of 11321888?
2, 23, 15383
What are the prime factors of 2445361?
197, 12413
List the prime factors of 1303281.
3, 7, 137, 151
List the prime factors of 694330.
2, 5, 7, 13, 109
List the prime factors of 2827804.
2, 7, 23, 4391
List the prime factors of 2277820.
2, 5, 113891
List the prime factors of 230429.
131, 1759
What are the prime factors of 6169074?
2, 3, 281, 3659
List the prime factors of 482605.
5, 263, 367
List the prime factors of 220928.
2, 863
List the prime factors of 2513714.
2, 7, 409, 439
What are the prime factors of 2649971?
353, 7507
What are the prime factors of 7112605?
5, 1422521
What are the prime factors of 1873059?
3, 643, 971
What are the prime factors of 6314784?
2, 3, 7, 9397
What are the prime factors of 175080?
2, 3, 5, 1459
List the prime factors of 3507564.
2, 3, 239, 1223
List the prime factors of 213077.
41, 5197
List the prime factors of 246280.
2, 5, 47, 131
What are the prime factors of 871999?
23, 31, 1223
What are the prime factors of 723131?
43, 67, 251
List the prime factors of 29352365.
5, 7, 67, 12517
List the prime factors of 4672465.
5, 7, 133499
What are the prime factors of 64318?
2, 32159
List the prime factors of 4911454.
2, 31, 37, 2141
List the prime factors of 72181.
19, 29, 131
List the prime factors of 320502.
2, 3, 7, 13, 587
List the prime factors of 24676082.
2, 12338041
What are the prime factors of 1791409?
17, 167, 631
List the prime factors of 15019862.
2, 11, 13, 52517
What are the prime factors of 28131674?
2, 14065837
What are the prime factors of 2052309?
3, 7, 97729
What are the prime factors of 927888?
2, 3, 13, 1487
What are the prime factors of 1344086?
2, 672043
List the prime factors of 552691.
19, 1531
What are the prime factors of 252010?
2, 5, 11, 29, 79
What are the prime factors of 2855871?
3, 19, 293
List the prime factors of 23585107.
7, 13, 259177
What are the prime factors of 251638?
2, 47, 2677
List the prime factors of 2201885.
5, 7, 53, 1187
List the prime factors of 7200523.
11, 654593
List the prime factors of 5070821.
7, 724403
List the prime factors of 570282.
2, 3, 17, 5591
List the prime factors of 154904.
2, 17, 67
List the prime factors of 2736667.
157, 17431
What are the prime factors of 1501635?
3, 5, 100109
What are the prime factors of 640775?
5, 19, 71
List the prime factors of 1608455.
5, 17, 127, 149
List the prime factors of 169935.
3, 5, 11329
List the prime factors of 1635142.
2, 79, 131
List the prime factors of 1340009.
11, 43, 2833
What are the prime factors of 65653?
7, 83, 113
List the prime factors of 1042495.
5, 208499
List the prime factors of 15960973.
7, 997, 2287
List the prime factors of 3443209.
7, 11, 97, 461
What are the prime factors of 419014?
2, 23, 9109
List the prime factors of 549234.
2, 3, 7, 1453
What are the prime factors of 890873?
443, 2011
List the prime factors of 5586254.
2, 467, 5981
What are the prime factors of 342596?
2, 41, 2089
List the prime factors of 743062.
2, 313, 1187
What are the prime factors of 225614?
2, 112807
What are the prime factors of 11886775?
5, 163, 2917
List the prime factors of 1072759.
19, 131, 431
List the prime factors of 1874887.
7, 83, 461
List the prime factors of 223302.
2, 3, 37217
What are the prime factors of 457797?
3, 152599
What are the prime factors of 115261?
79, 1459
What are the prime factors of 1024952?
2, 128119
What are the prime factors of 3496541?
83, 103, 409
What are the prime factors of 233245?
5, 46649
What are the prime factors of 107907?
3, 35969
What are the prime factors of 480530?
2, 5, 29, 1657
What are the prime factors of 1194183?
3, 23, 641
List the prime factors of 3476581.
3476581
List the prime factors of 447737.
37, 12101
What are the prime factors of 18678067?
577, 32371
List the prime factors of 11465853.
3, 7, 77999
List the prime factors of 1599921.
3, 17, 10457
What are the prime factors of 219133?
219133
List the prime factors of 13439179.
13, 1033783
List the prime factors of 14311.
11, 1301
List the prime factors of 391908.
2, 3, 11, 2969
What are the prime factors of 1404345?
3, 5, 251, 373
List the prime factors of 1176980.
2, 5, 7, 1201
What are the prime factors of 1501405?
5, 467, 643
List the prime factors of 33987.
3, 11329
List the prime factors of 1855985.
5, 23, 16139
What are the prime fa